{"id":369,"date":"2020-12-16T15:07:28","date_gmt":"2020-12-16T14:07:28","guid":{"rendered":"https:\/\/fachtag-thueringen.de\/mb21\/?page_id=369"},"modified":"2020-12-17T16:15:28","modified_gmt":"2020-12-17T15:15:28","slug":"impressum","status":"publish","type":"page","link":"https:\/\/fachtag-thueringen.de\/mb21\/impressum\/","title":{"rendered":"Impressum"},"content":{"rendered":"<p><strong>Inhaltlich verantwortlich gem\u00e4\u00df \u00a7 5 TMG:<\/strong><br \/>\n<strong> Landesfilmdienst Th\u00fcringen e.V.<\/strong><br \/>\n<strong> Zentrum f\u00fcr Medienkompetenz und Service<\/strong><br \/>\nBr\u00fchler Str. 52<br \/>\n99084 Erfurt<\/p>\n<p>Tel.: \u00a0\u00a0+49 (0) 361 221 81 15<br \/>\nFax: +49 (0) 361 221 81 50<br \/>\nE-mail: \u00a0\u00a0info(at)landesfilmdienst-thueringen.de<\/p>\n<p>Vertretungsberechtigter Vorstand: Frank R\u00f6hrer, Ingo Weidenkaff, Ralf Reichertz<br \/>\nRegistergericht: Amtsgericht Erfurt<br \/>\nRegisternummer: VR 160487<\/p>\n<hr \/>\n<p><strong>Bildverzeichnis<\/strong><\/p>\n<p>Header: Titel: 923830 \u00a9WavebreakMediaMicro &#8211; stock.adobe.com<\/p>\n","protected":false},"excerpt":{"rendered":"<p>Inhaltlich verantwortlich gem\u00e4\u00df \u00a7 5 TMG: Landesfilmdienst Th\u00fcringen e.V. Zentrum f\u00fcr Medienkompetenz und Service Br\u00fchler Str. 52 99084 Erfurt Tel.: \u00a0\u00a0+49 (0) 361 221 81 15 Fax: +49 (0) 361 221 81 50 E-mail: \u00a0\u00a0info(at)landesfilmdienst-thueringen.de Vertretungsberechtigter Vorstand: Frank R\u00f6hrer, Ingo Weidenkaff, Ralf Reichertz Registergericht: Amtsgericht Erfurt Registernummer: VR 160487 Bildverzeichnis Header: Titel: 923830 \u00a9WavebreakMediaMicro &#8211; [&hellip;]<\/p>\n","protected":false},"author":1,"featured_media":0,"parent":0,"menu_order":0,"comment_status":"closed","ping_status":"closed","template":"","meta":[],"_links":{"self":[{"href":"https:\/\/fachtag-thueringen.de\/mb21\/wp-json\/wp\/v2\/pages\/369"}],"collection":[{"href":"https:\/\/fachtag-thueringen.de\/mb21\/wp-json\/wp\/v2\/pages"}],"about":[{"href":"https:\/\/fachtag-thueringen.de\/mb21\/wp-json\/wp\/v2\/types\/page"}],"author":[{"embeddable":true,"href":"https:\/\/fachtag-thueringen.de\/mb21\/wp-json\/wp\/v2\/users\/1"}],"replies":[{"embeddable":true,"href":"https:\/\/fachtag-thueringen.de\/mb21\/wp-json\/wp\/v2\/comments?post=369"}],"version-history":[{"count":4,"href":"https:\/\/fachtag-thueringen.de\/mb21\/wp-json\/wp\/v2\/pages\/369\/revisions"}],"predecessor-version":[{"id":538,"href":"https:\/\/fachtag-thueringen.de\/mb21\/wp-json\/wp\/v2\/pages\/369\/revisions\/538"}],"wp:attachment":[{"href":"https:\/\/fachtag-thueringen.de\/mb21\/wp-json\/wp\/v2\/media?parent=369"}],"curies":[{"name":"wp","href":"https:\/\/api.w.org\/{rel}","templated":true}]}}

<p><strong>Inhaltlich verantwortlich gemäß § 5 TMG:</strong><br />
<strong> Landesfilmdienst Thüringen e.V.</strong><br />
<strong> Zentrum für Medienkompetenz und Service</strong><br />
Brühler Str. 52<br />
99084 Erfurt</p>
<p>Tel.:   +49 (0) 361 221 81 15<br />
Fax: +49 (0) 361 221 81 50<br />
E-mail:   info(at)landesfilmdienst-thueringen.de</p>
<p>Vertretungsberechtigter Vorstand: Frank Röhrer, Ingo Weidenkaff, Ralf Reichertz<br />
Registergericht: Amtsgericht Erfurt<br />
Registernummer: VR 160487</p>
<hr />
<p><strong>Bildverzeichnis</strong></p>
<p>Header: Titel: 923830 ©WavebreakMediaMicro &#8211; stock.adobe.com</p>

<p>Inhaltlich verantwortlich gemäß § 5 TMG: Landesfilmdienst Thüringen e.V. Zentrum für Medienkompetenz und Service Brühler Str. 52 99084 Erfurt Tel.:   +49 (0) 361 221 81 15 Fax: +49 (0) 361 221 81 50 E-mail:   info(at)landesfilmdienst-thueringen.de Vertretungsberechtigter Vorstand: Frank Röhrer, Ingo Weidenkaff, Ralf Reichertz Registergericht: Amtsgericht Erfurt Registernummer: VR 160487 Bildverzeichnis Header: Titel: 923830 ©WavebreakMediaMicro &#8211; [&hellip;]</p>
